31, 43, 113
What are the prime factors of 8324829?
3, 308327
What are the prime factors of 373508?
2, 93377
List the prime factors of 5352254.
2, 2676127
List the prime factors of 245227.
251, 977
List the prime factors of 105331.
105331
List the prime factors of 601493.
31, 19403
What are the prime factors of 3117930?
2, 3, 5, 43, 2417
List the prime factors of 1772459.
13, 136343
What are the prime factors of 871151?
191, 4561
List the prime factors of 624030.
2, 3, 5, 11, 31, 61
List the prime factors of 6287755.
5, 101, 12451
What are the prime factors of 45408?
2, 3, 11, 43
List the prime factors of 1294308.
2, 3, 157, 229
List the prime factors of 233502.
2, 3, 38917
List the prime factors of 5976221.
5976221
List the prime factors of 657704.
2, 19, 4327
What are the prime factors of 1307030?
2, 5, 29, 4507
What are the prime factors of 250980?
2, 3, 5, 47, 89
What are the prime factors of 645262?
2, 322631
List the prime factors of 11198540.
2, 5, 263, 2129
What are the prime factors of 31664488?
2, 19, 208319
What are the prime factors of 9770711?
9770711
What are the prime factors of 23354107?
7, 17, 229, 857
What are the prime factors of 582873?
3, 97, 2003
List the prime factors of 1761127.
1761127
What are the prime factors of 1078191?
3, 17, 29
What are the prime factors of 684053?
684053
List the prime factors of 78588.
2, 3, 37, 59
List the prime factors of 667313.
79, 8447
List the prime factors of 2429088.
2, 3, 25303
What are the prime factors of 8160321?
3, 13, 89, 2351
What are the prime factors of 58357?
13, 67
What are the prime factors of 438956?
2, 7, 61, 257
List the prime factors of 200220.
2, 3, 5, 47, 71
List the prime factors of 2788860.
2, 3, 5, 53, 877
List the prime factors of 5770784.
2, 180337
What are the prime factors of 883803?
3, 151, 1951
List the prime factors of 8992876.
2, 311, 7229
List the prime factors of 1566850.
2, 5, 31337
What are the prime factors of 119428?
2, 73, 409
List the prime factors of 974051.
13, 31, 2417
What are the prime factors of 251911?
11, 22901
What are the prime factors of 993886?
2, 431, 1153
What are the prime factors of 86926?
2, 7, 887
What are the prime factors of 2785262?
2, 1392631
List the prime factors of 502678.
2, 11, 73, 313
What are the prime factors of 413834?
2, 206917
What are the prime factors of 74724?
2, 3, 13, 479
What are the prime factors of 3908294?
2, 13, 31, 373
What are the prime factors of 7859893?
659, 11927
List the prime factors of 38858.
2, 19429
What are the prime factors of 484995?
3, 5, 7, 31, 149
What are the prime factors of 340197?
3, 11, 13, 61
What are the prime factors of 218973?
3, 47, 1553
List the prime factors of 426396.
2, 3, 35533
What are the prime factors of 430574?
2, 461, 467
What are the prime factors of 651633?
3, 83, 2617
List the prime factors of 7960702.
2, 827, 4813
What are the prime factors of 725796?
2, 3, 20161
List the prime factors of 382009.
73, 5233
List the prime factors of 1493090.
2, 5, 149309
What are the prime factors of 2527285?
5, 19, 37, 719
List the prime factors of 3395002.
2, 13, 17, 7681
What are the prime factors of 339902?
2, 169951
List the prime factors of 2674750.
2, 5, 13, 823
What are the prime factors of 14238863?
23, 233, 2657
List the prime factors of 18234501.
3, 109, 55763
What are the prime factors of 1189635?
3, 5, 79309
List the prime factors of 274591.
274591
List the prime factors of 1243662.
2, 3, 7, 29611
List the prime factors of 38501794.
2, 1301, 14797
List the prime factors of 7038072.
2, 3, 239, 409
What are the prime factors of 288236?
2, 13, 23, 241
What are the prime factors of 1072515?
3, 5, 127, 563
What are the prime factors of 246454?
2, 13, 9479
List the prime factors of 4314622.
2, 13, 165947
List the prime factors of 1882494.
2, 3, 71, 491
List the prime factors of 440145.
3, 5, 9781
What are the prime factors of 27092?
2, 13, 521
What are the prime factors of 167515?
5, 33503
What are the prime factors of 2978637?
3, 269, 3691
What are the prime factors of 5940937?
103, 57679
What are the prime factors of 3379078?
2, 67, 151, 167
List the prime factors of 3574845.
3, 5, 17, 4673
List the prime factors of 2354203.
2354203
List the prime factors of 35690.
2, 5, 43, 83
List the prime factors of 5440181.
5440181
List the prime factors of 10554967.
307, 34381
What are the prime factors of 23334?
2, 3, 3889
List the prime factors of 3059147.
7, 13, 33617
What are the prime factors of 7960340?
2, 5, 619, 643
List the prime factors of 1338098.
2, 669049
List the prime factors of 29540711.
29540711
List the prime factors of 942252.
2, 3, 233, 337
List the prime factors of 197969.
197969
List the prime factors of 3428425.
5, 7, 11, 13, 137
What are the prime factors of 1555618?
2, 29, 26821
List the prime factors of 11505008.
2, 719063
List the prime factors of 270035.
5, 53, 1019
List the prime factors of 30365961.
3, 17, 595411
What are the prime factors of 690676?
2, 7, 17, 1451
What are the prime factors of 5489495?
5, 11, 99809
List the prime factors of 188005.
5, 19, 1979
List the prime factors of 11590718.
2, 643, 9013
List the prime factors of 409384.
2, 73, 701
List the prime factors of 437613.
3, 11, 89, 149
List the prime factors of 19767033.
3, 11, 13, 15359
List the prime factors of 2054968.
2, 61, 4211
List the prime factors of 41837.
17, 23, 107
List the prime factors of 515108.
2, 11, 23, 509
What are the prime factors of 1001444?
2, 250361
What are the prime factors of 11288981?
11, 41, 25031
What are the prime factors of 66141?
3, 7349
List the prime factors of 7404153.
3, 53, 46567
List the prime factors of 630550.
2, 5, 12611
What are the prime factors of 8649635?
5, 1729927
List the prime factors of 437778.
2, 3, 11, 67
What are the prime factors of 190550?
2, 5, 37, 103
List the prime factors of 3568594.
2, 1784297
What are the prime factors of 571869?
3, 63541
What are the prime factors of 4261925?
5, 227, 751
List the prime factors of 27029259.
3, 3003251
List the prime factors of 141529.
141529
What are the prime factors of 2247457?
113, 19889
What are the prime factors of 26514915?
3, 5, 7, 67, 3769
What are the prime factors of 1139972?
2, 23, 12391
What are the prime factors of 117019?
7, 73, 229
What are the prime factors of 243898?
2, 121949
List the prime factors of 315181.
315181
What are the prime factors of 7216245?
3, 5, 17, 9433
What are the prime factors of 7089559?
7089559
What are the prime factors of 78029?
7, 71, 157
List the prime factors of 278092.
2, 37, 1879
List the prime factors of 1894212.
2, 3, 17539
What are the prime factors of 5774814?
2, 3, 43, 829
List the prime factors of 387483.
3, 53, 2437
List the prime factors of 1271064.
2, 3, 211, 251
What are the prime factors of 2784412?
2, 19, 36637
List the prime factors of 1137898.
2, 37, 15377
What are the prime factors of 3865231?
3865231
What are the prime factors of 7840986?
2, 3, 1306831
What are the prime factors of 2212812?
2, 3, 7, 2927
What are the prime factors of 140257?
13, 10789
What are the prime factors of 7011892?
2, 1151, 1523
What are the prime factors of 30325?
5, 1213
List the prime factors of 3752041.
571, 6571
What are the prime factors of 124653?
3, 37, 1123
List the prime factors of 402336.
2, 3, 11, 127
What are the prime factors of 160881?
3, 7, 47, 163
What are the prime factors of 203254?
2, 101627
What are the prime factors of 190772?
2, 37, 1289
What are the prime factors of 25759538?
2, 7, 1839967
What are the prime factors of 10337517?
3, 382871
What are the prime factors of 31642603?
31642603
What are the prime factors of 1332784?
2, 83299
List the prime factors of 581237.
581237
What are the prime factors of 17613611?
31, 227, 2503
List the prime factors of 708614.
2, 354307
What are the prime factors of 10763218?
2, 23, 233983
List the prime factors of 5111264.
2, 211, 757
List the prime factors of 16016051.
16016051
List the prime factors of 1843363.
409, 4507
What are the prime factors of 286279?
7, 40897
What are the prime factors of 1167125?
5, 9337
List the prime factors of 3192085.
5, 13, 49109
List the prime factors of 80612.
2, 7, 2879
List the prime factors of 623610.
2, 3, 5, 13, 41
What are the prime factors of 2194489?
11, 1994